{"id":614,"date":"2020-02-17T09:32:11","date_gmt":"2020-02-17T09:32:11","guid":{"rendered":"http:\/\/andreas-neyer.de\/?page_id=614"},"modified":"2024-07-31T09:28:15","modified_gmt":"2024-07-31T09:28:15","slug":"vortragstermine","status":"publish","type":"page","link":"https:\/\/andreas-neyer.de\/?page_id=614","title":{"rendered":"Vortragstermine"},"content":{"rendered":"\n<p><\/p>\n\n\n<p>Mein n\u00e4chster \u00f6ffentlicher Vortrag wird stattfinden im Rahmen des Fr\u00fchjahrsprogramms des Schwerter Forums<br \/><strong>am Donnerstag, den 03.04.2025<\/strong> <br \/>von 19.30 \u2013 21.30 Uhr<br \/>im Kath. Pfarrheim, Goethestra\u00dfe 22<br \/>58239 Schwerte<br \/>Das Thema wird sein:<br \/><strong>Nahtoderfahrungen \u2013<\/strong><br \/><strong>Was wir aus ihnen f\u00fcr unser Leben lernen k\u00f6nnen.<\/strong><\/p>\n<h6>\u00a0<\/h6>","protected":false},"excerpt":{"rendered":"<p>Mein n\u00e4chster \u00f6ffentlicher Vortrag wird stattfinden im Rahmen des Fr\u00fchjahrsprogramms des Schwerter Forumsam Donnerstag, den 03.04.2025 von 19.30 \u2013 21.30 Uhrim Kath. Pfarrheim, Goethestra\u00dfe 2258239 SchwerteDas Thema wird sein:Nahtoderfahrungen \u2013Was wir aus ihnen f\u00fcr unser Leben lernen k\u00f6nnen. \u00a0<\/p>\n","protected":false},"author":1,"featured_media":0,"parent":0,"menu_order":0,"comment_status":"closed","ping_status":"closed","template":"","meta":{"jetpack_post_was_ever_published":false,"footnotes":""},"class_list":["post-614","page","type-page","status-publish","hentry"],"jetpack_sharing_enabled":true,"jetpack_shortlink":"https:\/\/wp.me\/P76pJQ-9U","_links":{"self":[{"href":"https:\/\/andreas-neyer.de\/index.php?rest_route=\/wp\/v2\/pages\/614","targetHints":{"allow":["GET"]}}],"collection":[{"href":"https:\/\/andreas-neyer.de\/index.php?rest_route=\/wp\/v2\/pages"}],"about":[{"href":"https:\/\/andreas-neyer.de\/index.php?rest_route=\/wp\/v2\/types\/page"}],"author":[{"embeddable":true,"href":"https:\/\/andreas-neyer.de\/index.php?rest_route=\/wp\/v2\/users\/1"}],"replies":[{"embeddable":true,"href":"https:\/\/andreas-neyer.de\/index.php?rest_route=%2Fwp%2Fv2%2Fcomments&post=614"}],"version-history":[{"count":11,"href":"https:\/\/andreas-neyer.de\/index.php?rest_route=\/wp\/v2\/pages\/614\/revisions"}],"predecessor-version":[{"id":1049,"href":"https:\/\/andreas-neyer.de\/index.php?rest_route=\/wp\/v2\/pages\/614\/revisions\/1049"}],"wp:attachment":[{"href":"https:\/\/andreas-neyer.de\/index.php?rest_route=%2Fwp%2Fv2%2Fmedia&parent=614"}],"curies":[{"name":"wp","href":"https:\/\/api.w.org\/{rel}","templated":true}]}}

<p></p>


<p>Mein nächster öffentlicher Vortrag wird stattfinden im Rahmen des Frühjahrsprogramms des Schwerter Forums<br /><strong>am Donnerstag, den 03.04.2025</strong> <br />von 19.30 – 21.30 Uhr<br />im Kath. Pfarrheim, Goethestraße 22<br />58239 Schwerte<br />Das Thema wird sein:<br /><strong>Nahtoderfahrungen –</strong><br /><strong>Was wir aus ihnen für unser Leben lernen können.</strong></p>
<h6> </h6>

<p>Mein nächster öffentlicher Vortrag wird stattfinden im Rahmen des Frühjahrsprogramms des Schwerter Forumsam Donnerstag, den 03.04.2025 von 19.30 – 21.30 Uhrim Kath. Pfarrheim, Goethestraße 2258239 SchwerteDas Thema wird sein:Nahtoderfahrungen –Was wir aus ihnen für unser Leben lernen können.  </p>
